eatest common factor of 1852524 and 459.
459
Calculate the highest common factor of 181552 and 224.
112
Calculate the greatest common divisor of 3366 and 2550.
102
What is the greatest common divisor of 59664 and 111408?
528
What is the greatest common divisor of 67679 and 2?
1
What is the greatest common divisor of 3473 and 773120?
151
What is the highest common factor of 15047 and 656?
41
What is the greatest common divisor of 77648 and 368?
368
Calculate the highest common factor of 3248 and 340634.
406
Calculate the highest common factor of 160 and 272720.
80
What is the highest common divisor of 2107 and 224847?
301
What is the highest common divisor of 216872 and 32?
8
What is the greatest common factor of 15 and 9777000?
15
Calculate the greatest common factor of 658 and 85211.
329
Calculate the greatest common divisor of 1031973 and 573.
573
What is the highest common divisor of 169953 and 147?
21
What is the highest common factor of 16901 and 3?
1
Calculate the greatest common divisor of 454850 and 19021.
827
What is the greatest common divisor of 4492086 and 372?
186
Calculate the greatest common factor of 1030 and 37520.
10
What is the greatest common factor of 8048 and 1784?
8
What is the highest common divisor of 1300818 and 6?
6
What is the greatest common factor of 196 and 921837?
49
What is the greatest common divisor of 761072 and 208?
208
Calculate the highest common factor of 12 and 129786.
6
Calculate the highest common divisor of 351 and 485901.
117
What is the greatest common divisor of 903 and 282807?
21
What is the highest common factor of 2587 and 2?
1
Calculate the greatest common divisor of 93588 and 33.
33
Calculate the greatest common factor of 340 and 666485.
85
What is the highest common factor of 370 and 1912715?
185
Calculate the highest common divisor of 3788927 and 211.
211
Calculate the highest common divisor of 32 and 2076.
4
What is the greatest common factor of 28073 and 7961?
419
What is the highest common factor of 455 and 60424?
91
What is the highest common factor of 1868044 and 716?
716
Calculate the highest common factor of 2 and 419.
1
Calculate the highest common divisor of 1728 and 361344.
192
Calculate the highest common divisor of 5 and 1456780.
5
What is the highest common divisor of 462 and 16896?
66
What is the greatest common factor of 11049 and 5207?
127
What is the highest common factor of 168896 and 2464?
224
Calculate the greatest common factor of 627 and 1272183.
627
Calculate the highest common factor of 19 and 123.
1
What is the highest common factor of 96 and 135648?
96
What is the greatest common factor of 148 and 391756?
148
Calculate the greatest common factor of 27784 and 3496.
184
Calculate the greatest common factor of 84 and 2720228.
28
What is the greatest common factor of 22958 and 247?
13
Calculate the greatest common factor of 42595 and 20.
5
Calculate the greatest common factor of 10843992 and 72.
72
What is the greatest common factor of 3548 and 412?
4
What is the greatest common factor of 516610 and 190?
190
What is the greatest common factor of 171 and 16511?
19
Calculate the highest common factor of 1443 and 66495.
39
Calculate the highest common factor of 11088 and 14322.
462
What is the greatest common divisor of 285 and 23997?
57
What is the greatest common factor of 12 and 781176?
12
What is the highest common divisor of 62487 and 583?
53
What is the greatest common divisor of 62830 and 3050?
610
Calculate the greatest common divisor of 49 and 31927.
7
Calculate the greatest common factor of 154048 and 1624.
232
Calculate the highest common divisor of 5576 and 17425.
697
Calculate the highest common divisor of 81 and 1008801.
27
What is the greatest common factor of 1706 and 59?
1
What is the highest common factor of 5484934 and 52?
26
Calculate the greatest common divisor of 18846 and 2160.
54
What is the greatest common divisor of 37899 and 621?
9
What is the highest common factor of 948289 and 303?
101
What is the greatest common factor of 255 and 75837?
51
Calculate the highest common factor of 35 and 820085.
35
What is the highest common factor of 2667 and 13589?
127
Calculate the highest common factor of 500 and 1565400.
100
Calculate the highest common factor of 91395 and 20.
5
What is the highest common divisor of 55 and 51029?
11
What is the greatest common divisor of 72358 and 23474?
242
Calculate the highest common divisor of 39 and 141297.
39
Calculate the greatest common factor of 4780050 and 22.
22
What is the highest common divisor of 7742 and 37240?
98
What is the highest common factor of 549925 and 100?
25
What is the greatest common divisor of 32121 and 1548?
387
What is the highest common divisor of 40 and 62420?
20
Calculate the highest common divisor of 57 and 62168.
19
What is the highest common factor of 10850 and 6944?
434
Calculate the greatest common divisor of 5550 and 7725.
75
Calculate the greatest common factor of 6648 and 1834017.
831
What is the greatest common factor of 47 and 222451?
47
Calculate the highest common divisor of 1100880 and 132.
132
Calculate the greatest common divisor of 3682602 and 1386.
1386
What is the greatest common divisor of 384528 and 96?
48
Calculate the greatest common factor of 3164540 and 20.
20
What is the highest common factor of 545031 and 207?
207
Calculate the greatest common divisor of 22 and 181885.
11
Calculate the greatest common divisor of 145980 and 120.
60
What is the highest common factor of 4225 and 76765?
65
What is the highest common divisor of 68704 and 228?
76
Calculate the highest common factor of 12 and 73572.
12
Calculate the highest common factor of 5296 and 148619.
331
Calculate the greatest common factor of 11297 and 1287.
143
What is the highest common divisor of 16904 and 544?
8
Calculate the greatest common divisor of 40 and 2808640.
40
What is the greatest common divisor of 5978 and 294?
98
What is the highest common divisor of 73415 and 5?
5
What is the greatest common divisor of 2904 and 8536?
88
What is the highest common divisor of 47856 and 480?
48
What is the greatest common factor of 102 and 975630?
102
What is the highest common divisor of 425 and 89760?
85
What is the greatest common divisor of 117 and 232857?
9
Calculate the highest common divisor of 143 and 594143.
11
Calculate the highest common divisor of 93 and 73749.
93
What is the highest common factor of 317205 and 342?
171
What is the greatest common factor of 30301 and 193?
193
Calculate the greatest common factor of 339779 and 136.
17
Calculate the greatest common factor of 221 and 9711.
13
What is the highest common factor of 533271 and 894?
447
Calculate the greatest common factor of 353358 and 4688.
586
What is the highest common factor of 149265 and 2889?
963
What is the greatest common divisor of 275 and 1221?
11
Calculate the highest common divisor of 5472 and 209.
19
Calculate the highest common factor of 3520 and 88880.
880
What is the highest common factor of 49377 and 302?
151
What is the highest common divisor of 572635 and 35?
35
Calculate the greatest common divisor of 35 and 269150.
35
Calculate the highest common factor of 130 and 1860.
10
What is the greatest common factor of 14584 and 40?
8
Calculate the highest common factor of 2486 and 2081008.
226
What is the highest common divisor of 338775 and 75?
75
What is the highest common divisor of 1265 and 207?
23
What is the highest common divisor of 302829 and 15?
3
What is the highest common factor of 48216 and 183393?
861
Calculate the highest common divisor of 168084 and 112.
28
Calculate the highest common divisor of 970 and 11834.
194
Calculate the greatest common divisor of 171504 and 432.
432
Calculate the highest common factor of 1960 and 3200.
40
What is the greatest common factor of 69472 and 42016?
416
What is the greatest common divisor of 28074254 and 26?
26
Calculate the highest common factor of 35 and 952.
7
Calculate the highest common factor of 198 and 84370.
22
What is the greatest common factor of 65913 and 1905?
381
What is the highest common factor of 324 and 101979?
81
Calculate the greatest common divisor of 266 and 9747.
19
What is the highest common divisor of 10 and 2055?
5
What is the greatest common divisor o